late the remainder when 126 is divided by h.
43
Suppose 11*s = 21*s - 3200. Calculate the remainder when (-20)/(s/(-84))*4 is divided by ((-11)/2)/(2/(-4)).
10
What is the remainder when (-694)/(-4)*2 + (5 - (16 - 6)) is divided by 110?
12
Let b = -24 + 33. Let l = 2105 + -1665. What is the remainder when l is divided by b?
8
Let f(w) = w + 41. Suppose -v + 5*v = 8, -4*t = -v + 66. What is the remainder when f(t) is divided by 7?
4
Let c = -5798 - -5898. What is the remainder when 191 is divided by c?
91
Let v be 0/(-2 + 5 + 1). Suppose v = -2*f - 3*p + 52, -5*f + 4*p - 3*p + 96 = 0. Calculate the remainder when f is divided by 26/4*(-1 - -3).
7
Suppose u = 35 + 20. What is the remainder when 44 is divided by (u - 46) + -1 + 1?
8
Suppose 3*o + 12 = 0, -5*h - 8 = 2*o - 25. What is the remainder when 8370/420 + (-6)/(-84) is divided by h?
0
Let n be 0 + (2 - 1) - -3. Suppose -n*m = -5*m + 124. What is the remainder when m is divided by (-418)/(-13) + ((-64)/(-104))/(-4)?
28
Let m(f) = 18*f**2 - 19*f + 343. Calculate the remainder when m(7) is divided by 91.
0
Let b be ((-30712)/36 - 0) + (-4)/(-36). Let u = 859 + b. What is the remainder when (-1*1 + 0)*-7 is divided by u?
1
Let i be 2/(-4) + (-7)/(-14). Suppose -z + 6*z - 10 = i. What is the remainder when 26 is divided by (-110)/(-8) + z/8?
12
Suppose -2*z = 3*z - 2695. Calculate the remainder when z is divided by (3*2/(-8))/(9 - (-16575)/(-1836)).
26
Let a(z) = 3*z**2 - 4*z. Let b be 0 + -1 + (1 - -3). Let s = 69218 - 69190. What is the remainder when s is divided by a(b)?
13
Suppose -4*f = 3*k - k - 596, 0 = k + f - 300. Let d = k - 175. Calculate the remainder when d is divided by 66.
61
Suppose 4*w + 62 = 2*t, 0 = 3*t + t + 4*w - 148. Suppose 120 = -t*g + 8415. What is the remainder when g is divided by 14?
13
Let v = -269 - -400. Suppose 0 = -339*d + 342*d - 84. Calculate the remainder when v is divided by d.
19
Suppose -5*f = -h - 2025, 810 = 2*f - 21*h + 20*h. Calculate the remainder when f is divided by 6.
3
Suppose -206 + 44 = -6*b. Let j = -22 + b. Suppose -96 = -3*c + j*a, -5*c + 179 = a - 3*a. Calculate the remainder when 221 is divided by c.
36
Let r(z) = 53*z**2 + 63*z**2 - 176*z**2 - 3*z - 19 + 61*z**2. What is the remainder when r(9) is divided by (3*4)/(18/27)?
17
Let v be (36/15)/(4/70). Let q be (-10)/(-45) - (-214)/9. Let m = v - q. What is the remainder when m is divided by 7?
4
Let w = -5840 - -8894. What is the remainder when w is divided by 763?
2
Suppose -5*v + 6 = -w, 0 = 2*v - 100*w + 95*w + 16. Suppose -v*u = 3*o + 85 - 225, 0 = 4*o + 2*u - 188. What is the remainder when o is divided by 27?
21
Let b(h) = 214*h**2 - 12*h - 4. Let x be b(4). What is the remainder when (-30)/50 - x/(-20) is divided by 53?
9
Calculate the remainder when -29 + 1938 - (-72)/(-4) is divided by 9.
1
Let x(c) = -22*c + 35 - 33 - 62 + 13*c. What is the remainder when 129 is divided by x(-8)?
9
Let u = 11 - 6. Suppose 3*l - 4 = u. Calculate the remainder when (10 + -6 - (6 - 1))*-4 is divided by l.
1
Suppose 0 = r + 5*f + 17 + 7, 5*r - f = -16. Let y = r - -54. What is the remainder when 97 is divided by y?
47
Let a = -24 - -74. Suppose 0 = 3*c - 40*c + 6522 + 2691. What is the remainder when c is divided by a?
49
Let s(o) = -39 - 205*o - 18 + 242*o. What is the remainder when 431 is divided by s(3)?
53
Let v(r) = 4*r**2. Suppose -15*z + 17 = -5*q - 18*z, -3*z - 13 = q. Calculate the remainder when 128 is divided by v(q).
0
Let v = -94 - -142. Let i(k) = 26*k + 1561. What is the remainder when i(-49) is divided by v?
47
Let z = -6965 + 7077. What is the remainder when 388 is divided by z?
52
Suppose 2*c - 80 = -4*m, -74 = -7*m + 2*m + 4*c. Suppose 0 = -4*o + 6*o - m. Suppose u - o = -2*u. What is the remainder when 15 is divided by u?
0
Suppose -5*v = -3*m - 20, 26*v - 7 = 29*v + 2*m. What is the remainder when 36 is divided by v?
0
Suppose 7*v + 11 = 8*v - 2*f, 0 = 5*v - f - 19. What is the remainder when 3 is divided by 1/v*(-27)/(-36)*4?
0
Let a(k) = -k**3 - 8*k**2 - 8*k + 4. Let m = -13 - -6. Let q be a(m). What is the remainder when 45 is divided by q - (0 + -1 + 2)?
5
Suppose 0 = -4*s + 28 - 16. Suppose s*t + 4 = 22. What is the remainder when 28 is divided by t?
4
Suppose -k = 4*h - 316, 88 = k + 5*h - 229. Calculate the remainder when k is divided by 91.
39
Let j(o) = -20*o**2 - 266*o - 37. Calculate the remainder when j(-12) is divided by 51.
20
Let b(g) = 75*g**2 - 288*g + 15. What is the remainder when 2267 is divided by b(4)?
62
Let p = -626 + 627. Calculate the remainder when 1 + p/4*(40 + 1284) is divided by 16.
12
Let g(l) = 3*l**3 + l + 1. Let k(p) = -16*p**3 + 3*p**2 - 2*p + 6. Let w(d) = -5*g(d) - k(d). What is the remainder when 89 is divided by w(5)?
17
Let m = -3097 + 3252. What is the remainder when 157 is divided by m?
2
Let p = 30 + -27. Suppose -p*u - 154 = 2*u - 3*q, -2*q - 81 = 3*u. Let n = u + 48. What is the remainder when n is divided by 11?
8
Suppose 4*a = -5*h - 2187, -9*h - 548 = a - 8*h. Let s = -247 - a. Calculate the remainder when s is divided by 62.
58
What is the remainder when 8059 is divided by -2 - (-504)/12*3?
123
Suppose -2026 = -29*j - 518. Calculate the remainder when j is divided by 10.
2
Let x(q) = q**2 - 11*q - 1819. What is the remainder when 5413 is divided by x(49)?
38
Let f(q) = -9*q + 166. Let y be f(18). Suppose -3*g = -2*h - 20, -5*g + 5*h + 24 = y*h. What is the remainder when 15 is divided by g?
3
Let q = 170 - 90. Let o be -8 + 12 + 5*q. What is the remainder when o/10*(9/(-6) - -4) is divided by 21?
17
Suppose -188124*w = -188145*w + 399. What is the remainder when -1 + 39 + (-1 - -2) is divided by w?
1
Let f = 11 - 7. Suppose -2*c = 3*l - 85, -7*l + 3*l + 196 = 4*c. Calculate the remainder when c is divided by f.
2
Let b(d) = d**2 + d - 15. Let u = -21 - -15. Suppose 15*r - 42*r = -729. Calculate the remainder when r is divided by b(u).
12
Let n = 9408 - 8784. Calculate the remainder when n is divided by 624.
0
Let n(b) = 4*b + 6. Let a be n(3). Suppose 6*x = 4*x + a. Let y(j) = -j + 13. What is the remainder when x is divided by y(7)?
3
Suppose -4*i + 34 = o, i + 61 = o + 22. Suppose -18*r + 19*r = 35. Suppose -2*a - 3*a = -r. What is the remainder when o is divided by a?
3
Suppose 7515 = 7*z + 8*z. Let h = z + -266. What is the remainder when h is divided by 60?
55
Suppose -10969 = -235*n + 29216. Let q = -61 - -90. Calculate the remainder when n is divided by q.
26
Let g = 19653 + -19579. Calculate the remainder when 7473 is divided by g.
73
Suppose 21*g - 8 = 19*g. Suppose -14 = -2*w + g*k, -3*k - 14 = -w - 5. Calculate the remainder when 25 is divided by w.
1
Let s be 8/(-28) - (-14)/49. Suppose 204*k - 211*k + 378 = s. Calculate the remainder when 320 is divided by k.
50
Let q(s) = 3*s**2 + 16*s + 1. Calculate the remainder when ((-156)/(-21))/(8/672*6) is divided by q(-7).
32
Suppose -s + 4*s - 129 = 0. Let w(q) = 3*q**3 - 6*q**2 - 21*q + 8. Calculate the remainder when w(5) is divided by s.
42
Calculate the remainder when 1487 is divided by 12 + 378/(-36) - 117/(-2).
47
Let h = -96 + 220. Let p = -87 + h. Let t = -29 + p. Calculate the remainder when 22 is divided by t.
6
Suppose -75*v = -66*v + 68*v - 6776. Calculate the remainder when 1853 is divided by v.
5
Suppose -333 = 9*y - 12*y. Let p = 5033 - 4976. Calculate the remainder when y is divided by p.
54
Suppose 534 = 4*y - d, 3*y - d = 6*y - 397. What is the remainder when y is divided by (-15 + -54)/((-3)/(3 - 0))?
64
Let q(m) = -6*m**2 + 2*m + 26 + 5*m**2 - 6*m**3 + 5*m**3. Let r = -70 - -77. Calculate the remainder when q(0) is divided by r.
5
Let y(w) = w**2 + 12*w - 53. Let v be y(-16). Suppose -16*r - 380 = -3*h - v*r, 5*h - 2*r - 608 = 0. What is the remainder when h is divided by 41?
38
Let w = 1870 + -1851. Calculate the remainder when 31 is divided by w.
12
Let x = -3689 + 3838. What is the remainder when x is divided by 27?
14
Let a(d) = 33*d**2 - 12*d + 7. What is the remainder when a(2) is divided by 39?
37
Let m(z) be the third derivative of z**5/30 - 5*z**4/12 - 6*z**3 + 2*z**2 + 12*z. Calculate the remainder when m(11) is divided by 33.
30
What is the remainder when 674 is divided by (2/(-13) - (-1380)/5083) + 1919/17?
109
Let z(w) = -11*w**2 - 475*w